ors of 328327628.
2, 82081907
What are the prime factors of 1249574701?
1249574701
What are the prime factors of 70761015?
3, 5, 13, 29, 43, 97
What are the prime factors of 599615171?
59, 181, 56149
List the prime factors of 1353366257.
19, 937, 4001
List the prime factors of 85355377.
85355377
What are the prime factors of 787396757?
7, 1117, 100703
List the prime factors of 5945830949.
19, 113, 863, 3209
What are the prime factors of 2445817?
11, 222347
List the prime factors of 1515860147.
19, 79782113
What are the prime factors of 1261854368?
2, 541, 72889
What are the prime factors of 349789366?
2, 10861, 16103
List the prime factors of 67610209.
491, 137699
List the prime factors of 473109138.
2, 3, 157, 167413
List the prime factors of 17724969.
3, 47, 41903
What are the prime factors of 722496625?
5, 503, 11491
List the prime factors of 136715172.
2, 3, 11, 761, 1361
What are the prime factors of 315586675?
5, 19, 43, 15451
What are the prime factors of 40375749?
3, 13458583
List the prime factors of 2982049804.
2, 1609, 463339
What are the prime factors of 1755816934?
2, 137, 6408091
List the prime factors of 189311221.
11, 17210111
List the prime factors of 82217203.
23, 61, 58601
What are the prime factors of 68089713?
3, 22696571
List the prime factors of 55064345.
5, 7, 191, 8237
List the prime factors of 1224657723.
3, 408219241
List the prime factors of 60429389.
60429389
What are the prime factors of 3625959848?
2, 7, 19, 3407857
What are the prime factors of 718090106?
2, 359045053
What are the prime factors of 515183938?
2, 257591969
List the prime factors of 2746776256.
2, 7, 47, 73, 1787
List the prime factors of 2097296464.
2, 131081029
List the prime factors of 11050319.
7, 223, 7079
List the prime factors of 1704548277.
3, 189394253
List the prime factors of 20077718.
2, 19, 283, 1867
List the prime factors of 779685808.
2, 11, 4430033
List the prime factors of 737537874.
2, 3, 122922979
List the prime factors of 2873068067.
8377, 342971
What are the prime factors of 2177129808?
2, 3, 7, 73, 29587
List the prime factors of 2941215031.
2941215031
List the prime factors of 91336509.
3, 11, 31, 29761
What are the prime factors of 41592596?
2, 19, 547271
List the prime factors of 3024231047.
3024231047
List the prime factors of 743686241.
743686241
List the prime factors of 1032647627.
11, 947, 99131
What are the prime factors of 264263698?
2, 23, 5744863
List the prime factors of 184021038.
2, 3, 41, 83117
List the prime factors of 46375340.
2, 5, 11, 277, 761
What are the prime factors of 1660634720?
2, 5, 61, 229, 743
List the prime factors of 329315936.
2, 41, 251003
List the prime factors of 757516186.
2, 7, 31, 179, 199
What are the prime factors of 37253604?
2, 3, 19, 163393
What are the prime factors of 4029916483?
25673, 156971
What are the prime factors of 7701113909?
61, 683, 184843
What are the prime factors of 1618865732?
2, 11, 17, 827, 2617
List the prime factors of 1304714549.
1304714549
List the prime factors of 439338297.
3, 227, 645137
List the prime factors of 1306677811.
1306677811
What are the prime factors of 3633268956?
2, 3, 41, 1019, 7247
What are the prime factors of 649887356?
2, 17, 23, 193, 2153
List the prime factors of 15596106.
2, 3, 17, 107, 1429
What are the prime factors of 5600942323?
5600942323
List the prime factors of 709985085.
3, 5, 53, 307, 2909
What are the prime factors of 4583731261?
4583731261
List the prime factors of 281821874.
2, 2377, 59281
What are the prime factors of 78513074?
2, 1039, 37783
What are the prime factors of 37262237?
1583, 23539
What are the prime factors of 89650039?
1583, 56633
List the prime factors of 447362665.
5, 53, 1688161
List the prime factors of 48280903.
11, 41, 107053
What are the prime factors of 626471039?
626471039
List the prime factors of 670160573.
31, 1697, 12739
What are the prime factors of 19288491?
3, 41, 156817
List the prime factors of 88855085.
5, 11, 523, 3089
List the prime factors of 101732329.
79, 1287751
List the prime factors of 1514401059.
3, 504800353
What are the prime factors of 70014370?
2, 5, 7001437
What are the prime factors of 153063511?
153063511
List the prime factors of 79184992.
2, 269, 9199
List the prime factors of 286199017.
13, 881, 24989
What are the prime factors of 58799436?
2, 3, 31, 263, 601
List the prime factors of 40296716.
2, 10074179
List the prime factors of 33982519.
29, 1171811
List the prime factors of 131879108.
2, 43, 766739
List the prime factors of 317016539.
7, 19, 1103, 2161
List the prime factors of 7806642875.
5, 62453143
List the prime factors of 1061498559.
3, 11, 31, 43, 59, 409
What are the prime factors of 595209595?
5, 1201, 99119
What are the prime factors of 60062047?
60062047
List the prime factors of 165710491.
4157, 39863
List the prime factors of 377425329.
3, 19, 6621497
List the prime factors of 16655714.
2, 8327857
What are the prime factors of 36919702?
2, 79, 233669
List the prime factors of 39789014.
2, 227, 87641
What are the prime factors of 46096731?
3, 43, 311, 383
What are the prime factors of 733203587?
137, 5351851
List the prime factors of 146180064.
2, 3, 67, 22727
List the prime factors of 513038838.
2, 3, 13, 1559, 4219
What are the prime factors of 213594461?
41, 47, 199, 557
What are the prime factors of 137809762?
2, 68904881
List the prime factors of 1107139.
11, 100649
What are the prime factors of 98708163?
3, 1531, 21491
What are the prime factors of 347097486?
2, 3, 57849581
List the prime factors of 62600090.
2, 5, 7, 894287
What are the prime factors of 145698689?
145698689
List the prime factors of 70307097.
3, 7, 53, 181, 349
List the prime factors of 5956171305.
3, 5, 7, 56725441
List the prime factors of 367708594.
2, 11, 53, 28669
What are the prime factors of 9130654?
2, 13, 351179
What are the prime factors of 97385604?
2, 3, 8115467
List the prime factors of 290250811.
2267, 128033
List the prime factors of 111085005.
3, 5, 7405667
List the prime factors of 827389690.
2, 5, 31, 2668999
List the prime factors of 190069648.
2, 11879353
What are the prime factors of 53964513?
3, 683, 8779
What are the prime factors of 81544321?
81544321
What are the prime factors of 112885535?
5, 7, 43, 107, 701
List the prime factors of 1315536748.
2, 17519, 18773
List the prime factors of 233070626.
2, 116535313
What are the prime factors of 88179204?
2, 3, 17, 432251
List the prime factors of 12562913.
11, 1142083
List the prime factors of 564394302.
2, 3, 5531, 5669
List the prime factors of 5160734393.
31, 2237, 74419
What are the prime factors of 610722156?
2, 3, 11, 251, 18433
List the prime factors of 99003914.
2, 23, 73, 29483
What are the prime factors of 384083964?
2, 3, 11, 271, 1193
What are the prime factors of 3556583323?
593, 5997611
What are the prime factors of 345879908?
2, 11, 53, 71, 2089
What are the prime factors of 112636557?
3, 11, 1137743
List the prime factors of 16106180.
2, 5, 805309
List the prime factors of 6048853528.
2, 19, 389, 102301
List the prime factors of 199750889.
13, 2393, 6421
List the prime factors of 93540042.
2, 3, 107, 16189
List the prime factors of 3468661796.
2, 31, 27973079
List the prime factors of 152957468.
2, 38239367
List the prime factors of 1550709867.
3, 7, 227, 325301
What are the prime factors of 536468826?
2, 3, 31, 251, 11491
List the prime factors of 175464342.
2, 3, 9748019
What are the prime factors of 94883973?
3, 1667, 18973
List the prime factors of 1538176056.
2, 3, 64090669
List the prime factors of 3623809514.
2, 13, 241, 541, 1069
List the prime factors of 35556710.
2, 5, 7, 507953
What are the prime factors of 6933738311?
6933738311
List the prime factors of 47286380.
2, 5, 109, 199
List the prime factors of 121536118.
2, 11, 5524369
What are the prime factors of 557133553?
109, 5111317
List the prime factors of 491742453.
3, 43, 1499, 2543
What are the prime factors of 357094030?
2, 5, 37, 883, 1093
What are the prime factors of 20951461?
71, 491, 601
List the prime factors of 304519682.
2, 9791, 15551
What are the prime factors of 8004377051?
11, 2837, 256493
List the prime factors of 389225611.
10657, 36523
List the prime factors of 66847110.
2, 3, 5, 11, 202567
What are the prim